.
135
Let b(o) = -3*o - 9. Calculate b(8).
-33
Let j(s) = -s**2 + 8*s + 13. Determine j(-2).
-7
Let q(p) = -29*p + 788. Determine q(27).
5
Let x(h) = -h**3 - 2*h**2 + 7*h + 10. What is x(-5)?
50
Let v(x) = -5*x + 1. Give v(6).
-29
Let w(r) = -20*r + 63. What is w(3)?
3
Let a(y) = -y**3 + 9*y**2 + 9. Determine a(9).
9
Let n(b) = 4*b - 36. Determine n(14).
20
Let l(i) = i**3 + i**2 - 2*i - 11. What is l(0)?
-11
Let n(k) = k**3 + 10*k**2 + 6*k + 4. Calculate n(-10).
-56
Let i(v) = -v**3 + 7*v**2 - 7*v + 4. What is i(7)?
-45
Let t(l) = -l**3 + 9*l**2 + 2*l - 3. What is t(9)?
15
Let x(c) = -c**3 - 6*c**2 + 14*c + 1. Calculate x(-8).
17
Let g(y) = -12*y + 4. Calculate g(1).
-8
Let d(v) = 19*v - 44. Calculate d(2).
-6
Let y(z) = z**2 + 12*z + 9. What is y(-11)?
-2
Let u(x) = -3*x**2 + 11*x - 1. What is u(0)?
-1
Let g(a) = -9*a - 290. What is g(-32)?
-2
Let q(r) = -r**3 + 41*r**2 + 89*r - 91. Determine q(43).
38
Let r(l) = 4*l + 20. Determine r(-4).
4
Let o(q) = -106*q - 639. What is o(-6)?
-3
Let m(b) = -b**2 - 14*b - 60. Calculate m(-6).
-12
Let w(z) = z + 57. Give w(-48).
9
Let b(a) = a**2 + 13*a - 2. Calculate b(-14).
12
Let r(a) = -7*a - 118. Give r(0).
-118
Let z(f) = -f**3 - 12*f**2 - 14*f - 13. What is z(-11)?
20
Let y(s) = s**2 + 7*s - 9. Calculate y(-9).
9
Let t(c) = -c**2 + 8*c - 7. Determine t(6).
5
Let b(s) = -s**2 - 17*s + 10. What is b(-9)?
82
Let p(z) = 9*z + 8. Calculate p(-1).
-1
Let u(m) = -2*m**2 - 27*m + 20. Calculate u(-14).
6
Let j(a) = a**3 + 8*a**2 - 12*a - 22. Calculate j(-9).
5
Let d(b) = 2*b**3 - 29*b**2 - 21*b + 99. Determine d(15).
9
Let j(s) = s**3 - 5*s**2 - 3*s - 14. Determine j(6).
4
Let w(u) = -u + 5. Calculate w(4).
1
Let i(c) = -c**2 + c - 7. Determine i(0).
-7
Let q(a) = -a**3 - 10*a**2 - 22*a - 8. What is q(-7)?
-1
Let g(v) = -v**3 + 17*v**2 - 15*v - 4. Give g(16).
12
Let f(a) = 3*a - 63. Give f(20).
-3
Let g(d) = -44*d - 137. What is g(-3)?
-5
Let l(s) = s**2 - 21*s + 78. What is l(6)?
-12
Let p(s) = s**3 - 3*s**2 - 6*s - 20. What is p(5)?
0
Let w(u) = u**3 - 17*u**2 - u. What is w(17)?
-17
Let b(p) = -p**3 + p**2 + 4*p - 1. Determine b(-3).
23
Let x(m) = 10*m + 34. What is x(-4)?
-6
Let l(d) = -d**3 - 10*d**2 - 2*d - 14. Give l(-10).
6
Let k(i) = 2*i**2 - 2*i - 1. Determine k(2).
3
Let w(v) = -v**3 - v**2 + v + 16. What is w(0)?
16
Let n(g) = g**3 + 8*g**2 - 3*g - 13. What is n(-8)?
11
Let o(v) = -v**2 + 22*v + 14. Calculate o(23).
-9
Let h(f) = 2*f**3 - 47*f**2 - 24*f - 3. Give h(24).
-3
Let r(k) = 2*k**2 + 22*k + 24. Give r(-9).
-12
Let c(v) = -v**2 + v - 8. What is c(6)?
-38
Let i(t) = t**3 - 11*t**2 + 8*t + 17. Give i(10).
-3
Let m(u) = -2*u**2 + 6*u - 14. Calculate m(8).
-94
Let v(x) = -4*x**2 - 22*x - 15. Calculate v(-5).
-5
Let f(a) = 11*a - 47. Calculate f(4).
-3
Let z(u) = 2*u**3 + 32*u**2 + 33*u + 47. Calculate z(-15).
2
Let x(g) = -2*g**2 + 13*g + 1. Calculate x(8).
-23
Let n(o) = 3*o**2 - 4*o - 16. Calculate n(-4).
48
Let r(s) = -s**3 + 13*s**2 + 12*s + 30. What is r(14)?
2
Let g(z) = -z**2 - 23*z + 22. Give g(-24).
-2
Let b(m) = -2*m**2 - 2*m + 2. Calculate b(1).
-2
Let z(f) = -f**2 - 20*f - 69. What is z(-16)?
-5
Let x(r) = r**2 + 2*r - 2. Determine x(-3).
1
Let m(i) = 3*i. What is m(-6)?
-18
Let r(w) = 35*w + 880. What is r(-25)?
5
Let d(z) = 2*z - 18. Determine d(7).
-4
Let v(y) = -98*y - 496. Calculate v(-5).
-6
Let g(t) = 2*t**2 - 17*t + 25. Give g(7).
4
Let a(f) = 2*f**3 - f**2 + 2*f - 4. Calculate a(0).
-4
Let o(t) = -t - 4. Give o(-40).
36
Let l(w) = w**2 - 41*w + 185. Calculate l(36).
5
Let r(z) = z**2 + 7*z + 6. Calculate r(-8).
14
Let w(m) = -5*m - 32. Give w(-9).
13
Let r(k) = 3*k**2 - 1. Give r(-4).
47
Let m(r) = -r**3 - 9*r**2 - 9*r - 25. Determine m(-8).
-17
Let u(f) = -f**2 - 8*f + 6. Determine u(-11).
-27
Let u(n) = -n**2 - n - 6. Give u(0).
-6
Let n(w) = -2*w + 3. Give n(-9).
21
Let j(f) = -f**3 - 2*f**2 + 4*f - 9. Determine j(-3).
-12
Let s(l) = l**2 + 9*l + 2. Determine s(-5).
-18
Let k(l) = l**3 - 13*l**2 + 21*l + 12. Calculate k(11).
1
Let r(d) = -2*d - 23. What is r(-9)?
-5
Let p(t) = -t**2 - 8*t - 2. What is p(-5)?
13
Let n(l) = l**3 - 20*l**2 + 18*l + 1. Calculate n(19).
-18
Let x(n) = -2*n**2 + 5*n - 8. What is x(4)?
-20
Let f(c) = -50*c**3 - c**2 - c - 1. What is f(-1)?
49
Let d(o) = 5*o**3 + 2*o**2 + 3*o + 4. What is d(-2)?
-34
Let l(j) = 8*j - 6. Determine l(2).
10
Let h(v) = -3*v**3 + 2*v**2 - 3*v. Determine h(2).
-22
Let z(x) = 3*x**3 + 43*x**2 + 15*x + 19. What is z(-14)?
5
Let r(z) = -2*z**3 - 16*z**2 + 8*z + 31. Calculate r(-8).
-33
Let f(h) = -4*h**2 - 17*h + 8. Give f(-5).
-7
Let n(x) = 57*x - 977. What is n(17)?
-8
Let u(y) = -y**3 + 21*y**2 - 20*y. What is u(20)?
0
Let v(j) = -49*j - 54. Calculate v(-1).
-5
Let o(v) = 2*v**3 + 45*v**2 - 72*v - 5. Determine o(-24).
-5
Let r(j) = -j**3 - 7*j**2 + 4. Calculate r(-7).
4
Let d(j) = -25*j + 988. Determine d(40).
-12
Let w(m) = -m**3 + 32*m**2 - 60*m + 2. Give w(30).
2
Let k(o) = -2*o**3 - 10*o**2 + 12*o + 3. What is k(-6)?
3
Let h(q) = 5*q**2 + 42*q + 20. Give h(-8).
4
Let w(o) = -19*o + 96. Give w(7).
-37
Let j(g) = g**3 + 4*g**2 + g + 10. Give j(-4).
6
Let m(n) = -n**2 + 12*n - 5. Determine m(8).
27
Let f(n) = -n**2 + n + 10. Give f(0).
10
Let d(b) = 2*b**2 + 6*b + 8. What is d(-4)?
16
Let l(i) = -37*i - 1. What is l(1)?
-38
Let x(k) = k**3 - 24*k**2 - 51*k - 20. Give x(26).
6
Let j(a) = a**2 - 4*a - 3. Give j(5).
2
Let l(i) = -i**2 - 11*i - 8. Determine l(-8).
16
Let a(y) = 7*y + 531. Determine a(-77).
-8
Let a(m) = 5*m**2 + 2. Calculate a(-2).
22
Let b(z) = z**3 - z**2 + z + 4. What is b(-2)?
-10
Let a(o) = -o**3 - 3*o**2 - o - 4. Calculate a(-4).
16
Let l(v) = v**3 + 7*v**2 - 6*v + 7. Give l(-8).
-9
Let d(o) = -7*o - 2. Give d(-3).
19
Let t(f) = -3*f - 1. Give t(-2).
5
Let s(i) = i**3 - 2*i**2 + 18*i - 38. Determine s(2).
-2
Let s(d) = -d - 8. Give s(-5).
-3
Let n(j) = -2*j**3 - 5*j**2 - 2*j + 22. What is n(-5)?
157
Let l(u) = -2*u - 37. Determine l(-22).
7
Let y(w) = -3*w**3 - 4*w**2 - 4*w - 7. Determine y(-4).
137
Let x(g) = 4*g + 9. Calculate x(0).
9
Let w(i) = -10*i + 182. Calculate w(18).
2
Let s(n) = -50*n**3 + 2*n**2 - 3*n + 2. What is s(1)?
-49
Let o(r) = -8*r + 3. Give o(-1).
11
Let k(o) = o**3 - 21*o**2 + 34*o + 80. What is k(19)?
4
Let v(j) = 5*j + 14. Calculate v(-10).
-36
Let v(h) = h**2 + 6*h - 1. Determine v(-5).
-6
Let n(b) = -b - 18. Give n(-13).
-5
Let f(p) = 3*p - 6. What is f(0)?
-6
Let n(q) = -2*q - 2. Determine n(-7).
12
Let y(w) = -2*w**2 + 6*w - 6. Determine y(3).
-6
Let j(f) = -6*f**2 + 13*f - 26. Calculate j(3).
-41
Let l(p) = 5*p - 14. What is l(5)?
11
Let i(o) = o**2 + 2*o - 14. Give i(-5).
1
Let z(v) = -v + 3. What is z(1)?
2
Let i(c) = c**2 + 6*c - 80. What is i(-12)?
-8
Let a(g) = -15*g + 17. Give a(5).
-58
Let x(n) = -5*n - 85. What is x(-19)?
10
Let d(k) = -k**3 + 7*k**2 - 2*k + 19. Determine d(8).
-61
Let c(b) = -b**3 + 14*b**2 - 9*b - 4. Give c(13).
48
Let a(j) = j**3 - 6*j**2 - 4*j - 3. Calculate a(6).
-27
Let a(m) = -m**3 - 12*m**2 - 12*m - 11. Give a(-11).
0
Let h(b) = -b**3 + 9*b**2 + b - 6. Give h(9).
3
Let f(k) = -2*k**2 - 2*k - 2. Give f(-2).
-6
Let d(x) = -x**3 + 55*x**2 + 61*x - 275. Calculate d(56).
5
Let x(a) = -a**3 + 6*a**2 + 6*a + 6. Calculate x(7).
-1
Let q(n) = -n**3 + 4*n**2 - 3*n - 1. Calculate q(3).
-1
Let d(v) = -v**3 - 21*v**2 - 20*v. What is d(-20)?
0
Let r(p) = 2*p + 2. Determine r(5).
12
Let r(v) = -2*v**3 - 10*v**2 - 16*v + 5. Determine r(-3).
17
Let v(i) = 2*i + 29. Give v(-13).
3
Let h(k) = 15*k. Give h(1).
15
Let f(r) = -r**2 - 10*r + 18. Give f(-10).
18
Let u(s) = 2*s - 2. What is u(6)?
10
Let h(o) = 9*o - 9. Give h(-5).
-54
Let s(z) = -z**3 - 12*z**2 - 15*z - 4. Calculate s(-11).
40
Let c(q) = -4*q**2 - 44*q + 10. Calculate c(-11).
10
Let a(n) = n**2 + 3*n + 3. Determine a(-5).
13
Let k(b) = b**2 - 11*b - 50. Calculate k(14).
-8
Let x(z) = z**2 + 6*z - 7. Determine x(-7).
0
Let a(k) = 3*k - 10. Give a(4).
2
Let t(y) = -3*y**2 - 2*y + 1. What is t(-2)?
-7
Let q(f) = f**3 - 17*f**2 - 37*f - 22. Determine q(19).
-3
Let d(r) = r**3 + 5*r**2 + 7*r + 7. Determine d(-5).
-28
Let u(z) = -z**2 + 26*z - 53. What is u(24)?
-5
Let i(z) = z**3 + 8*z**2 + 7*z - 4. Calculate i(-6).
26
Let z(m) = -m**2 + 9*m + 11. Determine z(11).
-11
Let b(s) = -5*s + 17. Wh